*x - 12980 = 0. Suppose -x = 2*b - 4*b. Suppose -9*w + b = -4*w. Is w a composite number?
True
Suppose -9 = a + 2*a, m + 5*a = -475. Let n = 682 + m. Suppose 2*u + 868 = 4*r - 0*u, 2*u = -r + n. Is r a prime number?
False
Let p = 371 - -1387. Let s = -1089 + p. Is s a composite number?
True
Suppose 0 = -5*h - 2*m + 10557 - 255, -5*h - 3*m = -10298. Is h composite?
True
Let p(n) = 161*n**3 - n**2 + 19*n - 59. Is p(6) a prime number?
False
Let u(a) = 63*a**2 - a + 1. Let f be u(1). Let i = f - -28. Is i a composite number?
True
Let s(q) = 3*q**2 + 19*q - 31. Let p be 2/6*3*(-4 + -15). Is s(p) a composite number?
False
Suppose 3*c = 5*f - 883, -3*f - 3*c = -2*f - 191. Is f composite?
False
Let z(x) = -44*x + 63*x + 3 - 63*x - 198*x. Is z(-2) a prime number?
True
Suppose 3*l - 3*s + 850 = 22366, 4*l - 2*s - 28686 = 0. Is l a composite number?
True
Let m = -26 - -23. Is 13158/15 - (42/(-15) - m) prime?
True
Let w(k) = -k - 1. Suppose 0 = p - 5*z + 1, -2*z + z = 4*p + 4. Let y be w(p). Suppose y = 3*f - 457 + 100. Is f a prime number?
False
Let r(q) = -12*q + 186*q**2 + 37*q**2 + 12*q. Is r(-1) a prime number?
True
Let m = 1 + -1. Let k(s) be the third derivative of -s**6/120 - s**4/24 + 127*s**3/6 + 7*s**2. Is k(m) a prime number?
True
Let v(w) = 2*w**2 + 14*w + 8. Let s be v(-16). Let g = s + -175. Is g composite?
True
Suppose -3*x = -12, r + 952813 = 6*r - 3*x. Is r composite?
True
Let d = -89397 + 153880. Is d a composite number?
False
Suppose -6*l = l - 2*l. Is (l - (3 + -2))*-587 composite?
False
Is ((-4)/(-14) + (-70)/(-98))*6521 composite?
False
Suppose -11 - 53 = -8*z. Is (-36413)/(-52) - (-6)/z a prime number?
True
Suppose 2*s - p = 4*p + 203, -6 = 2*p. Let r = s - 57. Is r prime?
True
Suppose f - 2*f = 11. Let g = f - -10. Is g/6 + 1564/24 prime?
False
Let p(r) = 17*r**2 - 5 - 8*r - 18*r**2 + r. Let n be p(-2). Suppose 5*u - 141 = 3*f - 1811, -f + 540 = -n*u. Is f a composite number?
True
Suppose t + 3*g = 12094, 4*t + 5*g + 1362 = 49745. Is t composite?
False
Let r(j) = 1812*j**2 + 14*j + 3. Is r(-5) composite?
False
Suppose -c + 2*c = 15. Is ((-1172)/3)/(c/(-9) + 1) prime?
False
Let h(f) = -f**3 - 14*f**2 - 16*f + 14. Let q(u) = 2*u**3 - 2*u**2 + 2*u - 3. Let n be q(2). Let k = n + -22. Is h(k) a composite number?
False
Suppose 28*o - 26*o = 1678. Is o composite?
False
Suppose 3*n = 25454 - 131. Is n composite?
True
Suppose -7*j - p = -4*j - 24436, -16282 = -2*j - 5*p. Is j prime?
False
Let v(a) = -a**3 - 53*a**2 + 93*a - 151. Is v(-64) prime?
True
Suppose 5*d = 2*q + 21, -q - 4*q = 5*d - 35. Let u(b) = 38*b**2. Let o be u(q). Is o/14 + (-2)/(-14) a composite number?
False
Let k = 1537 - 35. Is k a composite number?
True
Let d = 5232 + -2233. Is d prime?
True
Let g(u) = 4901*u + 8. Is g(7) prime?
False
Let u(r) = 26611*r**2 - 3*r + 1. Is u(-1) composite?
True
Let v be ((-32)/6 - -2)/((-4)/5382). Let h = v - 2164. Is h a composite number?
True
Is ((-5)/(-10))/(10/740) prime?
True
Is (-1)/(-4) - (915646/(-8) + 5) prime?
True
Let c(o) = 161*o**2 + 7*o + 5. Let r be 4/6 + 24/(-9). Is c(r) composite?
True
Let y(d) = 5*d**2 + 22*d + 20. Let c(i) = 4*i**2 + 21*i + 19. Let g(v) = 4*c(v) - 3*y(v). Suppose x - 16 = -3. Is g(x) prime?
True
Let u(t) = -41*t - 38. Let g be u(-10). Let c(q) = -5*q**3 - 7*q**2 - 5*q + 3. Let h be c(-4). Suppose 3*d + 2*r - g = h, d - 200 = -r. Is d a prime number?
False
Let q be -4 + 403 - -3 - 0. Let m = 845 - q. Is m a composite number?
False
Let d(g) = g - 2. Let o be d(4). Suppose -3*u = -4*m + 3, -u - o*m = 2*u - 15. Suppose 5*c - 896 = x - 113, u*c + 3*x = 477. Is c composite?
False
Let b(l) = -634*l - 59. Let f(t) = 127*t + 12. Let o(y) = -2*b(y) - 11*f(y). Is o(-5) composite?
False
Suppose 2 = 4*b - 18. Let c(z) = 25*z**2 + 3*z - 7. Is c(b) composite?
True
Suppose -3*c + 27 = 2*a, a - 8 = 3*a - 4*c. Suppose a*r - 8*r + 5042 = 0. Is r prime?
True
Suppose -4*d = 5*s - 5083, 4*s - 4999 = -5*d + 1348. Suppose 0 = o - d + 470. Is o prime?
True
Let t(j) = j**3 + 17*j**2 - 16*j + 38. Let r be t(-18). Suppose 0 = -r*a + 537 + 577. Is a prime?
True
Let l be 21/4 + (-4)/16. Let p = 72 + -105. Let q = l - p. Is q prime?
False
Is (-1 - (-14818)/(-4))/(7/(-14)) a composite number?
False
Suppose -4*j + n + 7 = -3, 3*n + 16 = 5*j. Is j + -1 + (186 - -12) a composite number?
False
Let j(x) = -187*x - 99. Is j(-20) a composite number?
True
Let w(v) = -45*v - 137. Is w(-18) composite?
False
Suppose -214 = -s + 11*g - 14*g, 0 = 4*s - 4*g - 920. Is s a prime number?
False
Let f = -2 - -7. Suppose -f*p = -449 + 64. Is p composite?
True
Let o = 16090 + 23269. Is o a prime number?
True
Is -3*(5 - (-7782)/(-9)) a composite number?
False
Is ((-5)/((-20)/(-78)))/((-162)/42876) a composite number?
True
Let w(r) = 2581*r**2 + 12*r + 150. Is w(-7) prime?
False
Let h = 54 - 49. Suppose -d = -4*d + 4*c + 5289, 4*d = -h*c + 7021. Is d prime?
True
Let q = 10364 + -2271. Is q prime?
True
Suppose -3*v = -2*k + 186, -3*v + 3*k + 2*k = 195. Is (2 + (-316)/16)/(3/v) composite?
True
Let n(w) = -w**3 - 4*w**2 + 14*w + 13. Let m be n(-6). Let o = 2 + -1. Is (-2 + m)*(o + -132) a prime number?
True
Suppose -2*k = -k. Suppose 4*x - 52 = -k*x. Is (20 + 0)*x - 1 composite?
True
Suppose -188*n + 183*n + 19805 = 0. Is n a composite number?
True
Suppose 3 + 0 = 3*b. Let j be b/(-2)*10 + 3. Is (-1 - j) + -1 + 111 a prime number?
False
Let w(u) = 143*u + 41. Is w(16) a composite number?
True
Let q = -24 + 28. Is q/(-4) - 1440/(-3) a prime number?
True
Suppose -l + 0 + 2 = 0. Suppose 0 = -l*c - 371 + 2317. Is c a composite number?
True
Let a(y) = -5 + 61*y + 15 - 43*y. Let h be a(-7). Let o = h - -307. Is o composite?
False
Suppose 2*s - s + 120 = -2*x, -5*s - 588 = -2*x. Let d = s - -369. Is d composite?
False
Suppose -6150 = -3*b + 3*w, 2*b - 3*w - 4178 = -79. Is b composite?
True
Let p be (-48)/(-60) + 512/10. Suppose -p = -4*f - 2*o, o + 4 = 5*f - 75. Is f a composite number?
True
Suppose 5*p = -20, 4*y + 3*p + 14184 = 8*y. Is y a composite number?
True
Let j be 9214/(-18) + (-1)/9. Let x = j - -1579. Is x a prime number?
False
Suppose 0 = 5*o + 5*h - 1558 - 2127, 0 = -o - 4*h + 749. Is o prime?
True
Let z(m) = 1178*m + 23. Is z(6) a prime number?
False
Let i = -14339 + 20934. Is i a composite number?
True
Let b(l) = -3*l - 10*l + 5 + 10 - l. Is b(-8) composite?
False
Let c(o) = 11994*o**2 + 1. Suppose 2*f = 4*l + 18, -4*l - 17 = -f - 2*f. Is c(f) a prime number?
False
Let r(w) = -226*w**3 + 3*w + 3. Let f be r(-1). Suppose -f = -z + 405. Is z a prime number?
True
Let k(c) = c**2 + c - 4. Let p be k(7). Suppose -58 = -4*u + r + 4, -2*u + 26 = 2*r. Let l = p + u. Is l a prime number?
True
Let k be 1 + 2/(-2 - -3). Is k*64 - (-3 - -4) a prime number?
True
Suppose 2*r - 3*r + 1006 = d, 3023 = 3*r + 2*d. Is r a composite number?
True
Let w be -2 + 249 - 3 - 1. Let z = w - 98. Suppose 450 + z = 5*x. Is x a composite number?
True
Let j(f) = -f - 14. Let v be j(-14). Suppose 3*y + 148 = 2*q - 0*y, v = 5*q - 3*y - 361. Is q a composite number?
False
Let x = 40579 - 15816. Is x composite?
False
Let d(a) = 3 - 4*a - 71*a**2 + 66*a**2 - a**3 + 4. Let v = -14 - -8. Is d(v) composite?
False
Let b(s) = s**2 - 4*s + 2. Let z be b(4). Is 4 + z + -3 + 11 prime?
False
Suppose -2*p = 12*o - 11*o - 2087, 7*p - 2112 = -o. Is o composite?
True
Is (-330425)/10*(2 + (-12)/5) prime?
True
Let m(l) = 10*l**2 - 7*l. Let n be m(-7). Suppose 0 = -2*h + b + 509, 0 = 2*h + 6*b - b - n. Is h composite?
False
Let u be 1/2 - 21795/2. Let d = u - -16103. Suppose -2*k - 3*k + 3*q = -d, -1040 = -k + q. Is k composite?
True
Let s(n) = 8645*n**2 + 91*n - 343. Is s(4) a prime number?
False
Suppose 0 = w - 5*w - 60. Let m = w + 688. Is m composite?
False
Suppose -235*s - 278739 = -244*s. Is s a composite number?
False
Let k be (-1)/(((-14)/500)/7). Suppose 2*z - 104 = k. Is z prime?
False
Suppose 30065 = -405*w + 410*w. Is w composite?
True
Let p = -101 + 109. Let x(y) be the second derivative of y**5/20 - 2*y**4/3 + y**3/3 + 9*y**2/2 + y. Is x(p) a prime number?
False
Let p be 19188/28 + (-4)/14. Let f = p - 411. Is f a prime number?
False
Suppose 125740 = -122*a + 132*a. Is a prime?
False
Suppose -10*t = -1252 - 1288. Suppose 0 = 54*l - 52*l - t. Is l composite?
False
Is (-17276)/(-3) - -9*